it of 2118229160?
1
What is the millions digit of 58778932?
8
What is the millions digit of 14429744?
4
What is the hundreds digit of 50643164?
1
What is the ten thousands digit of 72672871?
7
What is the ten thousands digit of 1236863923?
6
What is the billions digit of 1118516507?
1
What is the units digit of 177221787?
7
What is the ten millions digit of 26730865?
2
What is the hundreds digit of 346515007?
0
What is the thousands digit of 202603502?
3
What is the units digit of 63285808?
8
What is the hundred millions digit of 152321722?
1
What is the millions digit of 425402866?
5
What is the hundred millions digit of 244496310?
2
What is the hundred millions digit of 589474283?
5
What is the hundreds digit of 258700699?
6
What is the hundred thousands digit of 770361090?
3
What is the hundreds digit of 8495852?
8
What is the thousands digit of 957981661?
1
What is the ten thousands digit of 29827006?
2
What is the ten thousands digit of 114962413?
6
What is the millions digit of 32658792?
2
What is the tens digit of 163671938?
3
What is the ten millions digit of 237582538?
3
What is the units digit of 59221225?
5
What is the units digit of 528735612?
2
What is the thousands digit of 7696563?
6
What is the millions digit of 150990942?
0
What is the hundreds digit of 4260135972?
9
What is the tens digit of 23894660?
6
What is the ten millions digit of 926287596?
2
What is the thousands digit of 81675770?
5
What is the units digit of 370312743?
3
What is the tens digit of 3866685599?
9
What is the units digit of 82008993?
3
What is the hundreds digit of 310499469?
4
What is the thousands digit of 78159863?
9
What is the hundreds digit of 382335803?
8
What is the millions digit of 33174377?
3
What is the units digit of 6739083228?
8
What is the millions digit of 1560838746?
0
What is the ten millions digit of 449389594?
4
What is the tens digit of 214713167?
6
What is the units digit of 814795699?
9
What is the ten millions digit of 273934381?
7
What is the hundreds digit of 35495025?
0
What is the hundreds digit of 69319524?
5
What is the tens digit of 642508698?
9
What is the hundred thousands digit of 98042416?
0
What is the ten thousands digit of 48816778?
1
What is the ten millions digit of 3590729954?
9
What is the thousands digit of 4674847782?
7
What is the hundred thousands digit of 561945619?
9
What is the hundred thousands digit of 508067178?
0
What is the thousands digit of 5461794378?
4
What is the hundred thousands digit of 1297500993?
5
What is the tens digit of 17796205?
0
What is the hundreds digit of 100696838?
8
What is the hundred thousands digit of 13889374?
8
What is the thousands digit of 907412385?
2
What is the thousands digit of 145977043?
7
What is the thousands digit of 728469795?
9
What is the units digit of 558884352?
2
What is the billions digit of 2183143254?
2
What is the hundred thousands digit of 173641729?
6
What is the ten millions digit of 120736114?
2
What is the thousands digit of 6123583?
3
What is the ten millions digit of 195802288?
9
What is the hundreds digit of 53474021?
0
What is the hundreds digit of 1559788296?
2
What is the ten millions digit of 545122071?
4
What is the hundred thousands digit of 40755810?
7
What is the hundred millions digit of 366297163?
3
What is the hundred thousands digit of 148399358?
3
What is the tens digit of 4090780?
8
What is the thousands digit of 192367932?
7
What is the hundred thousands digit of 58691831?
6
What is the units digit of 65972475?
5
What is the ten millions digit of 44419737?
4
What is the hundred thousands digit of 633757063?
7
What is the ten millions digit of 454130954?
5
What is the thousands digit of 245671692?
1
What is the ten millions digit of 522780592?
2
What is the ten thousands digit of 212504907?
0
What is the millions digit of 542431961?
2
What is the ten thousands digit of 177677120?
7
What is the thousands digit of 1550041721?
1
What is the thousands digit of 59575483?
5
What is the millions digit of 29045090?
9
What is the thousands digit of 321427533?
7
What is the ten millions digit of 62254635?
6
What is the millions digit of 3026634316?
6
What is the hundreds digit of 49478413?
4
What is the ten thousands digit of 226023079?
2
What is the hundred thousands digit of 2225271736?
2
What is the hundred millions digit of 1286713827?
2
What is the hundred millions digit of 4469735869?
4
What is the ten millions digit of 581280532?
8
What is the hundred thousands digit of 112377197?
3
What is the hundred millions digit of 187357071?
1
What is the billions digit of 2506598207?
2
What is the hundred thousands digit of 804280311?
2
What is the units digit of 11451184?
4
What is the hundred thousands digit of 2874560?
8
What is the tens digit of 41923371?
7
What is the thousands digit of 539914586?
4
What is the ten thousands digit of 75747727?
4
What is the tens digit of 2117649925?
2
What is the ten thousands digit of 324876170?
7
What is the hundreds digit of 48670314?
3
What is the billions digit of 2063585977?
2
What is the hundred thousands digit of 65797510?
7
What is the tens digit of 372442303?
0
What is the hundred millions digit of 591024161?
5
What is the millions digit of 1394164449?
4
What is the billions digit of 1031738787?
1
What is the hundred millions digit of 770763999?
7
What is the millions digit of 572274439?
2
What is the thousands digit of 266430085?
0
What is the units digit of 388709322?
2
What is the ten millions digit of 103878121?
0
What is the tens digit of 1343038869?
6
What is the millions digit of 853235400?
3
What is the millions digit of 44594265?
4
What is the hundred millions digit of 257548002?
2
What is the hundred millions digit of 2606549304?
6
What is the ten thousands digit of 3730758937?
5
What is the ten thousands digit of 83739772?
3
What is the ten thousands digit of 3965963945?
6
What is the tens digit of 1462295537?
3
What is the ten millions digit of 1410615805?
1
What is the units digit of 87227748?
8
What is the units digit of 30875044?
4
What is the hundred thousands digit of 452496370?
4
What is the thousands digit of 77780987?
0
What is the ten millions digit of 55917886?
5
What is the units digit of 179564005?
5
What is the ten thousands digit of 132813207?
1
What is the tens digit of 143592080?
8
What is the ten millions digit of 4394362709?
9
What is the tens digit of 3341964?
6
What is the ten millions digit of 486551175?
8
What is the ten millions digit of 1720309777?
2
What is the thousands digit of 2111348738?
8
What is the hundred thousands digit of 671759726?
7
What is the thousands digit of 151205223?
5
What is the thousands digit of 918226515?
6
What is the ten millions digit of 2388750957?
8
What is the ten millions digit of 58936645?
5
What is the ten millions digit of 1057774791?
5
What is the millions digit of 64942606?
4
What is the thousands digit of 21561186?
1
What is the ten millions digit of 4541899743?
4
What is the ten millions digit of 63864800?
6
What is the hundreds digit of 320755308?
3
What is the ten thousands digit of 36995622?
9
What is the hundred thousands digit of 1482024?
4
What is the millions digit of 162687519?
2
What is the hundred millions digit of 197887369?
1
What is the ten thousands digit of 207980852?
8
What is the ten thousands digit of 1355750703?
5
What is the thousands digit of 54125629?
5
What is the millions digit of 325723247?
5
What is the thousands digit of 3409826485?
6
What is the hundreds digit of 893615332?
3
What is the units digit of 9106509?
9
What is the ten thousands digit of 254946816?
4
What is the hundred thousands digit of 136818491?
8
What is the thousands digit of 1090053711?
3
What is the hundreds digit of 109603309?
3
What is the tens digit of 894582106?
0
What is the hundred thousands digit of 479272974?
2
What is the thousands digit of 141057346?
7
What is the tens digit of 125944411?
1
What is the hundred thousands digit of 438211219?
2
What is the hundred thousands digit of 487278503?
2
What is the millions digit of 345321131?
5
What is the units digit of 496979616?
6
What is the hundreds digit of 1406600624?
6
What is the thousands digit of 386533942?
3
What is the billions digit of 1259312789?
1
What is 